
-141
Let q(p) = p**3 - 7*p**2 + 4*p + 14. Calculate q(6).
2
Let t(d) = -3*d - 85. Calculate t(-25).
-10
Let j(l) = 2*l**3 + 31*l**2 - 17*l - 9. Determine j(-16).
7
Let w(t) = 4*t + 25. Determine w(-6).
1
Let a(u) = -2*u**2 + 10*u - 24. Give a(7).
-52
Let n(q) = -q**3 + 4*q**2 - 2*q + 3. Calculate n(6).
-81
Let v(a) = -4*a**2 + 4*a - 1. What is v(1)?
-1
Let v(s) = -2*s**2 - 3*s - 5. What is v(4)?
-49
Let p(n) = -22*n + 1. Determine p(2).
-43
Let m(t) = t**2 - 17*t + 30. What is m(13)?
-22
Let m(v) = 10*v - 228. Calculate m(22).
-8
Let d(b) = -5*b**2 + 6*b + 7. Determine d(-2).
-25
Let d(w) = -2*w**2 + 5*w - 17. Calculate d(7).
-80
Let k(z) = -2*z**2 + 9*z. Determine k(6).
-18
Let o(c) = c**2 - 18*c + 25. Determine o(12).
-47
Let d(a) = -2*a**3 - 42*a**2 - 40*a + 6. Determine d(-20).
6
Let m(l) = 23*l**3 + 2*l**2 + 5*l + 4. Determine m(-1).
-22
Let u(o) = o - 18. What is u(19)?
1
Let h(c) = -17*c - 5. Give h(-2).
29
Let f(x) = 3*x**2 - 142*x + 44. Calculate f(47).
-3
Let d(c) = -37*c + 27. Determine d(1).
-10
Let c(i) = 12*i - 222. What is c(19)?
6
Let u(s) = 2*s**2 + 25*s + 20. Determine u(-13).
33
Let u(i) = 11*i - 58. Determine u(5).
-3
Let f(j) = j**2 - 11*j - 14. Determine f(7).
-42
Let s(k) = 16*k + 409. Determine s(-25).
9
Let u(n) = -n. Give u(-1).
1
Let n(r) = 21*r + 55. What is n(-3)?
-8
Let r(d) = -10*d**2 + 5*d - 7. What is r(2)?
-37
Let i(u) = -5*u**3 + 58*u**2 + 20*u + 48. Determine i(12).
0
Let k(w) = -w**3 - 5*w**2 + 15*w + 18. What is k(-7)?
11
Let j(x) = -18*x - 12. Give j(-2).
24
Let x(o) = -o**2 - o - 5. Give x(4).
-25
Let i(h) = -2*h**3 + 13*h**2 + 10*h - 28. Determine i(7).
-7
Let o(t) = 7*t**2 - 8*t + 9. Calculate o(1).
8
Let f(q) = 2*q + 8. Calculate f(-1).
6
Let i(u) = u**3 - u**2 + 48. Determine i(0).
48
Let k(a) = -a**3 - 8*a**2 - 8*a - 3. Calculate k(-7).
4
Let d(c) = -2*c**2 - 22*c - 59. What is d(-4)?
-3
Let d(j) = 2*j**3 + 8*j**2 - 7*j - 13. Determine d(-6).
-115
Let k(n) = n**3 - 15*n**2 + 13*n - 7. Calculate k(14).
-21
Let b(z) = -4*z**2 + 7*z + 1. What is b(2)?
-1
Let h(r) = -r - 20. Calculate h(-21).
1
Let o(i) = -2*i**2 - 19*i + 15. Determine o(-9).
24
Let o(b) = b**3 - 8*b**2 - b + 17. Determine o(8).
9
Let v(g) = g**2 - 16*g + 29. What is v(12)?
-19
Let w(n) = 4*n + 8. Give w(-5).
-12
Let z(j) = -2*j**2 - 17*j + 3. Give z(-9).
-6
Let f(z) = z + 8. Give f(-10).
-2
Let y(s) = 16*s + 86. Determine y(-5).
6
Let y(r) = -r**2 - 9*r - 19. What is y(-7)?
-5
Let f(j) = -6*j - 100. Calculate f(-18).
8
Let h(r) = -r**3 + 3*r**2 + 5. Determine h(4).
-11
Let n(b) = 17*b**2 - 2*b + 3. Calculate n(2).
67
Let a(t) = -t - 1. Determine a(-11).
10
Let p(l) = -l**3 + 12*l**2 + l - 17. Determine p(12).
-5
Let o(b) = 2*b**2 + 10*b + 6. Determine o(-5).
6
Let y(m) = -m**2 + 12*m - 26. Determine y(7).
9
Let r(g) = -15*g - 183. Determine r(-11).
-18
Let l(y) = 6*y**2 - 76*y - 18. Determine l(13).
8
Let o(q) = -q**2 + 4*q. Calculate o(7).
-21
Let b(i) = 2*i - 25. Determine b(12).
-1
Let b(p) = p**3 - 10*p**2 + 13*p + 3. Give b(8).
-21
Let i(x) = x**2 - 2*x - 2. What is i(-2)?
6
Let q(g) = -g**3 - g**2 + g + 46. Determine q(0).
46
Let o(v) = -3*v + 21. Calculate o(10).
-9
Let p(u) = u**2 - 4*u - 22. What is p(13)?
95
Let v(u) = -2*u + 10. Determine v(5).
0
Let l(x) = 2*x**3 + 6*x**2 + 7*x + 6. Give l(-3).
-15
Let p(m) = -m**2 - 9*m - 7. What is p(-7)?
7
Let k(v) = 2*v**2 + 3*v - 32. Calculate k(0).
-32
Let u(o) = 14*o + 530. Give u(-38).
-2
Let q(s) = -6*s**2 - 2*s + 7. Give q(3).
-53
Let m(s) = -2*s**3 - 2*s**2 + 4*s + 2. Calculate m(-4).
82
Let k(t) = -5*t**2 - 83*t + 37. Calculate k(-17).
3
Let z(l) = l**2 + 2*l - 29. Calculate z(5).
6
Let m(p) = p**3 + 7*p**2 + 5*p - 15. Calculate m(-6).
-9
Let q(b) = -43*b**3 - b**2 + b + 1. Determine q(-1).
42
Let u(r) = r**3 - 13*r**2 + 3. Determine u(13).
3
Let v(t) = t**2 - 18*t + 24. Give v(16).
-8
Let o(c) = -c**2 - 14*c - 42. Calculate o(-10).
-2
Let m(r) = -r**3 - r**2 - 3*r + 3. Give m(-5).
118
Let q(p) = -p - 12. Determine q(-4).
-8
Let f(s) = 2*s**2 - 35*s + 19. Give f(17).
2
Let l(u) = u**3 - 24*u**2 - 53*u + 28. Determine l(26).
2
Let p(s) = s**2 - 12*s - 12. What is p(5)?
-47
Let q(i) = 2*i**2 - 4*i + 5. Calculate q(3).
11
Let o(q) = 2*q**2 - q - 18. What is o(3)?
-3
Let m(j) = j**2 + 6*j + 11. Give m(-5).
6
Let q(i) = -i**3 - 8*i**2 + 13*i + 4. Give q(2).
-10
Let b(x) = -x**2 + 5*x + 20. Determine b(6).
14
Let p(t) = -t**3 + 9*t**2 + 10*t - 13. What is p(10)?
-13
Let v(q) = -q**3 + 2*q**2 + q + 22. Give v(4).
-6
Let i(j) = -6*j + 51. What is i(12)?
-21
Let k(i) = -i**3 - 6*i**2 - 13*i + 8. Give k(-7).
148
Let q(u) = u**3 + 16*u**2 - 5*u - 78. Calculate q(-16).
2
Let w(i) = i**3 - 12*i**2 - 9*i - 43. Determine w(13).
9
Let s(o) = o**2 - 23*o + 67. What is s(20)?
7
Let c(p) = -17*p + 99. Give c(5).
14
Let h(c) = c**2 - 27*c + 14. Calculate h(26).
-12
Let f(k) = -k**3 + 16*k**2 - 3*k + 40. Calculate f(16).
-8
Let z(p) = -15*p**2 - 2. Calculate z(1).
-17
Let k(u) = u**2 - 5*u + 5. Determine k(5).
5
Let w(k) = -k**3 - 38*k**2 + 40*k + 20. Give w(-39).
-19
Let i(n) = 4*n**2 - 96*n + 9. Calculate i(24).
9
Let l(d) = d**2 + 2*d + 8. What is l(-4)?
16
Let q(t) = t**3 - t - 5. Calculate q(2).
1
Let y(n) = -6*n + 2. Give y(5).
-28
Let w(p) = 2*p**2 - 14*p + 14. Calculate w(5).
-6
Let k(g) = -g**3 + 56*g**2 - 111*g + 175. Calculate k(54).
13
Let u(a) = -2*a + 10. Calculate u(5).
0
Let v(c) = c**2 + 22*c + 46. Calculate v(-21).
25
Let v(y) = y**2 - 2*y - 5. Determine v(0).
-5
Let s(b) = b**2 - 17*b - 111. Give s(-5).
-1
Let c(b) = -4*b + 17. Determine c(7).
-11
Let k(c) = -10*c + 149. Determine k(15).
-1
Let i(u) = u**3 + 6*u**2 - 5*u + 89. Determine i(-8).
1
Let n(f) = -f - 62. What is n(-10)?
-52
Let v(z) = z - 11. Give v(-11).
-22
Let w(t) = -t**3 - 4*t**2 - 2*t + 4. What is w(-5)?
39
Let f(y) = -12*y - 99. Calculate f(-10).
21
Let w(b) = -21*b**3 - 3*b**2 - b + 3. Determine w(1).
-22
Let s(j) = -j**3 - 8*j**2 - 7*j - 8. Calculate s(-7).
-8
Let n(c) = -c**2 - 2*c - 4. Give n(-2).
-4
Let c(l) = -2*l**2 + 19*l - 11. What is c(13)?
-102
Let v(f) = 3*f**2 + 5*f - 4. What is v(1)?
4
Let c(l) = 2*l**3 + 3*l**2 + l + 2. Give c(-2).
-4
Let a(n) = -n**3 + 8*n**2 - 3*n - 4. Calculate a(8).
-28
Let x(z) = -2*z - 5. Calculate x(-7).
9
Let a(v) = -v**2 + v + 7. Determine a(6).
-23
Let a(l) = 6*l - 16. Calculate a(1).
-10
Let v(n) = 4*n**3 - 2*n - 1. What is v(-1)?
-3
Let x(g) = -42*g + 11. What is x(-5)?
221
Let s(a) = -a**3 - 22*a**2 + 52. Calculate s(-22).
52
Let k(o) = -8*o + 13. Determine k(5).
-27
Let n(q) = 2*q**2 - 3*q - 30. What is n(5)?
5
Let c(p) = p**3 - 7*p**2 + 5*p + 16. Calculate c(7).
51
Let y(p) = p**2 - 2*p + 10. Give y(0).
10
Let g(j) = j - 3. What is g(2)?
-1
Let x(h) = -h**3 + 11*h**2 - 3*h + 22. What is x(11)?
-11
Let x(k) = 3*k**2 - 1. What is x(7)?
146
Let g(u) = 62*u + 1486. Give g(-24).
-2
Let c(r) = -r - 6. Calculate c(-6).
0
Let z(m) = 2*m + 1. Give z(0).
1
Let x(w) = w**2 - 45*w + 158. What is x(4)?
-6
Let u(v) = v**2 - 45*v + 354. Determine u(35).
4
Let r(u) = u**2 + 13*u + 31. Determine r(-9).
-5
Let m(i) = i**3 - i**2 - 4*i - 3. Give m(2).
-7
Let n(b) = 4*b**2 + 18*b + 59. What is n(-4)?
51
Let n(t) = 5*t - 15. Give n(-7).
-50
Let g(z) = 4*z - 11. Calculate g(5).
9
Let k(q) = -4*q - 21. Give k(10).
-61
Let s(m) = -m**3 - 5*m**2 - 6*m. Calculate s(-3).
0
Let m(i) = i**3 + 5*i**2 + 2*i + 12. Give m(-5).
2
Let u(p) = -5*p - 60. What is u(-14)?
10
Let c(d) = -2*d**3 + d**2 - d. Give c(1).
-2
Let p(r) = 2*r - 67. Give p(0).
-67
Let o(j) = 60*j - 3. Give o(-1).
-63
Let a(y) = y**3 + 3*y**2 - y + 4. Determine a(-3).
7
Let z(j) = -j**3 + j**2 - 3*j - 24. What is z(-4)?
68
Let b(c) = -c**3 + 17*c**2 - 32*c + 5. Calculate b(15).
-25
Let w(k) = 13*k - 74. Determine w(6).
4
Let b(p) = p**2 - 10*p - 23. Give b(13).
16
Let f(k) = 3*k**2 + 6*k. Give f(-2).
0
Let m(r) = r**3 - 21*r**2 - 23*r + 17. What is m(22)?
-5
Let r(n) = -n**3 - 2*n - 5. Determine r(0).
-5
Let m(k) = 4*k**3 + 46*k**2 + 21*k - 17. What is m(-11)?
-6
Let o(z) = 8*z - 8. What is o(5)?
32
Let b(g) = -6*g + 28. Calculate b(6).
-8
Let q(l) = -l**2 + 26*l - 18. Calculate q(25).
7
Let a(k) = -k**3 + 4*k**2 + 7*k - 5. What is a(4)?
23
Let r(s) = -s**2 - 5*s + 3. What is r(-7)?
-11
Let g(m) = 3*m - 55. Determine g(15).
-1